{"id":104,"date":"2016-04-09T15:28:58","date_gmt":"2016-04-09T15:28:58","guid":{"rendered":"http:\/\/www.andhanya.fr\/?page_id=104"},"modified":"2016-05-02T21:20:12","modified_gmt":"2016-05-02T21:20:12","slug":"notre-demarche","status":"publish","type":"page","link":"http:\/\/www.andhanya.fr\/coaching\/nantes\/notre-demarche\/","title":{"rendered":"Notre D\u00e9marche"},"content":{"rendered":"<p style=\"text-align: justify;\"><strong><img decoding=\"async\" loading=\"lazy\" class=\"alignright wp-image-350\" src=\"http:\/\/www.andhanya.fr\/wp-content\/uploads\/2016\/04\/Relations-humaines-dessin.jpeg\" alt=\"Relations humaines dessin\" width=\"145\" height=\"138\" \/><\/strong><\/p>\n<ul>\n<li style=\"text-align: justify;\"><span style=\"font-family: arial,helvetica,sans-serif;\"><strong>Au plus pr\u00e8s de votre besoin<\/strong><\/span><\/li>\n<\/ul>\n<p style=\"text-align: justify;\"><span style=\"font-family: arial,helvetica,sans-serif;\">Nous prenons rendez-vous avec vous et partons de votre probl\u00e9matique et de vos besoins pour construire avec vous l\u2019intervention ad\u00e9quate et sur-mesure.<\/span><\/p>\n<ul>\n<li style=\"text-align: justify;\"><span style=\"font-family: arial,helvetica,sans-serif;\"><strong>A vos c\u00f4t\u00e9s sur le terrain<\/strong><\/span><\/li>\n<\/ul>\n<p style=\"text-align: justify;\"><span style=\"font-family: arial,helvetica,sans-serif;\">Nous nous immergeons dans la culture et les valeurs de votre entreprise, nous analysons vos enjeux, adoptons votre vocabulaire pour \u00eatre au plus proche de vos r\u00e9alit\u00e9s et r\u00e9ussir dans la mission que vous nous confiez.<\/span><\/p>\n<ul>\n<li style=\"text-align: justify;\"><span style=\"font-family: arial,helvetica,sans-serif;\"><strong>Avec vous dans une relation de confiance, d\u2019efficacit\u00e9 de co-construction<\/strong><\/span><\/li>\n<\/ul>\n<p style=\"text-align: justify;\"><span style=\"font-family: arial,helvetica,sans-serif;\">Vous disposez d\u2019un interlocuteur unique : votre consultant. Il s\u2019engage \u00e0 vos c\u00f4t\u00e9s pour la r\u00e9alisation, le suivi et la r\u00e9ussite de sa mission. A l\u2019\u00e9coute de vos pr\u00e9occupations, il est force de proposition, vous soutient, vous conseille et s\u2019appuie sur les experts de son r\u00e9seau pour la r\u00e9alisation d\u2019interventions sp\u00e9cifiques.<\/span><\/p>\n<ul>\n<li style=\"text-align: justify;\"><span style=\"font-family: arial,helvetica,sans-serif;\"><strong>D\u00e9ontologie<\/strong><\/span><\/li>\n<\/ul>\n<p style=\"text-align: justify;\"><span style=\"font-family: arial,helvetica,sans-serif;\">Nous sommes tr\u00e8s attach\u00e9s \u00e0 la charte de d\u00e9ontologie de la profession, mettant en \u0153uvre les principes de confidentialit\u00e9, de respect et de non-discrimination.<\/span><\/p>\n","protected":false},"excerpt":{"rendered":"<p>Au plus pr\u00e8s de votre besoin Nous prenons rendez-vous avec vous et partons de votre probl\u00e9matique et de vos besoins pour construire avec vous l\u2019intervention ad\u00e9quate et sur-mesure. A vos c\u00f4t\u00e9s sur le terrain Nous nous immergeons dans la culture et les valeurs de votre entreprise, nous analysons vos enjeux, adoptons votre vocabulaire pour \u00eatre <a class=\"more-link\" href=\"http:\/\/www.andhanya.fr\/coaching\/nantes\/notre-demarche\/\">Lire plus &#8230;<\/a><\/p>\n","protected":false},"author":1,"featured_media":0,"parent":0,"menu_order":0,"comment_status":"closed","ping_status":"closed","template":"","meta":{"footnotes":""},"_links":{"self":[{"href":"http:\/\/www.andhanya.fr\/coaching\/nantes\/wp-json\/wp\/v2\/pages\/104"}],"collection":[{"href":"http:\/\/www.andhanya.fr\/coaching\/nantes\/wp-json\/wp\/v2\/pages"}],"about":[{"href":"http:\/\/www.andhanya.fr\/coaching\/nantes\/wp-json\/wp\/v2\/types\/page"}],"author":[{"embeddable":true,"href":"http:\/\/www.andhanya.fr\/coaching\/nantes\/wp-json\/wp\/v2\/users\/1"}],"replies":[{"embeddable":true,"href":"http:\/\/www.andhanya.fr\/coaching\/nantes\/wp-json\/wp\/v2\/comments?post=104"}],"version-history":[{"count":10,"href":"http:\/\/www.andhanya.fr\/coaching\/nantes\/wp-json\/wp\/v2\/pages\/104\/revisions"}],"predecessor-version":[{"id":624,"href":"http:\/\/www.andhanya.fr\/coaching\/nantes\/wp-json\/wp\/v2\/pages\/104\/revisions\/624"}],"wp:attachment":[{"href":"http:\/\/www.andhanya.fr\/coaching\/nantes\/wp-json\/wp\/v2\/media?parent=104"}],"curies":[{"name":"wp","href":"https:\/\/api.w.org\/{rel}","templated":true}]}}